 4. What is v(-1)?
-9
Let r(u) = u**3 - 7*u**2 + 17*u - 4. What is r(6)?
62
Let p(f) = -5367*f + 32200. Calculate p(6).
-2
Let j(z) = 13*z - 374. Determine j(0).
-374
Let g(b) = 1239*b - 22276. What is g(18)?
26
Let g(v) = -v**3 + v**2 + 8*v + 6. Give g(6).
-126
Let t(r) = -r**3 + 46*r**2 + 75*r + 951. Determine t(48).
-57
Let b(p) = 2*p**3 - 2*p**2 - 10*p + 19. What is b(4)?
75
Let a(r) = 10*r**2 + 162*r + 31. Give a(-16).
-1
Let v(p) = 42*p - 2927. Calculate v(71).
55
Let q(b) = -28*b**3 + 2*b**2 + 2*b. Determine q(2).
-212
Let r(p) = -5*p**2 + 25*p + 192. What is r(-5)?
-58
Let n(x) = x**3 + 22*x - 192. Give n(5).
43
Let j(u) = -u**3 + 18*u**2 + 34*u + 2640. Determine j(24).
0
Let w(l) = -4*l**2 - 7*l + 11. Calculate w(-3).
-4
Let j(s) = -6*s**2 - 1117*s + 927. Calculate j(-187).
-8
Let s(k) = -k**2 - 5442*k - 27183. Calculate s(-5).
2
Let f(c) = -c**3 + 17*c**2 - 67*c - 33. Calculate f(14).
-383
Let j(f) = -32*f**2 + 225*f - 13. Determine j(7).
-6
Let l(n) = -134*n**2 + 3350*n - 7. Determine l(25).
-7
Let q(m) = 2*m**3 + 30*m**2 + 35*m + 21. Calculate q(-14).
-77
Let h(u) = -32*u + 1374. What is h(49)?
-194
Let k(l) = -13039*l - 104316. What is k(-8)?
-4
Let t(d) = -3*d**2 - 26*d + 9. Calculate t(-7).
44
Let k(d) = 480*d + 2343. Calculate k(-5).
-57
Let w(h) = 7*h**3 - 209*h**2 - 32*h + 59. Determine w(30).
-1
Let d(p) = -2*p**3 + 15*p**2 - 6*p - 12. Give d(6).
60
Let j(a) = 3*a**3 - 173*a**2 + 116*a - 110. What is j(57)?
4
Let l(d) = -d**3 + 13*d**2 + 28*d + 7. Calculate l(16).
-313
Let v(z) = -9*z - 63. What is v(-6)?
-9
Let i(f) = 1131*f - 4536. What is i(4)?
-12
Let i(q) = -2*q**2 - 120*q + 526. What is i(-64)?
14
Let h(z) = 87*z - 952. Determine h(11).
5
Let g(m) = 3*m**2 + 79*m + 358. Calculate g(-4).
90
Let a(l) = l**2 - 73*l - 202. Give a(75).
-52
Let f(c) = -195*c + 4. Determine f(-1).
199
Let t(s) = 5*s**2 - 50*s - 95. Give t(12).
25
Let v(g) = 8*g**2 + 933*g + 587. Calculate v(-116).
7
Let i(z) = 60*z + 2170. Determine i(-36).
10
Let n(q) = q**3 + 106*q**2 - 1284*q + 348. Give n(-117).
-3
Let u(j) = -94*j + 4807. What is u(51)?
13
Let s(r) = r**3 - 9*r**2 - r + 5. Determine s(8).
-67
Let y(h) = -33*h + 158. Give y(4).
26
Let l(h) = 96*h - 1756. Calculate l(18).
-28
Let h(j) = 210*j - 627. Give h(3).
3
Let j(m) = -m**3 + 165*m**2 + 853*m - 513. Determine j(170).
-3
Let i(h) = -h**2 - 372*h - 3300. Give i(-9).
-33
Let h(r) = 688*r + 34401. What is h(-50)?
1
Let c(f) = 7*f**2 - 11*f - 326. Determine c(0).
-326
Let i(t) = t**2 + 373*t - 1519. Give i(4).
-11
Let j(y) = 188*y + 15610. Give j(-83).
6
Let l(n) = -n**3 + 20*n**2 + 123*n + 40. Give l(25).
-10
Let t(m) = -2*m**2 - 6*m + 10. What is t(-2)?
14
Let k(x) = -70*x + 1311. Give k(20).
-89
Let c(z) = -z**3 - 7*z**2 + 14*z - 44. Determine c(-9).
-8
Let a(j) = -189*j - 333. What is a(-2)?
45
Let g(f) = f**3 - 13*f**2 - 82*f - 148. Determine g(18).
-4
Let g(x) = 5*x**3 - 66*x**2 + 218*x - 5. Give g(7).
2
Let y(q) = -q**3 + 583*q**2 - 5163*q - 1718. What is y(574)?
4
Let u(k) = 4*k**2 - 59*k + 134. Give u(11).
-31
Let b(h) = -h**3 - 38*h**2 - 136*h + 42. What is b(-34)?
42
Let j(d) = -40*d - 782. Calculate j(-26).
258
Let t(f) = 60*f + 234. What is t(-4)?
-6
Let l(b) = -354*b + 6714. Calculate l(19).
-12
Let h(l) = 10*l**3 - 76*l**2 + 33*l + 45. Calculate h(7).
-18
Let p(d) = -3*d**3 + 46*d**2 + 99*d. What is p(-2)?
10
Let q(t) = 826*t - 61120. Give q(74).
4
Let c(m) = -3*m**2 - 62*m - 255. What is c(-6)?
9
Let h(x) = -32*x**2 - 6427*x + 996. Determine h(-201).
-9
Let s(p) = 18*p - 607. Give s(34).
5
Let w(s) = -s**2 - 43*s - 607. Determine w(-34).
-301
Let o(a) = -41*a**2 - 19*a + 5. Give o(-1).
-17
Let o(w) = -w**3 + 10*w**2 - 40*w + 74. Calculate o(5).
-1
Let y(i) = 2*i**3 - 10*i**2 - 11*i - 32. Give y(7).
87
Let g(y) = 576*y + 6335. Give g(-11).
-1
Let b(z) = 16*z**2 + 71*z - 512. What is b(6)?
490
Let l(s) = -2*s**2 - 56*s - 392. Give l(-9).
-50
Let u(r) = -2*r**2 + 56*r - 79. Calculate u(23).
151
Let j(r) = 292*r + 554. What is j(-2)?
-30
Let b(s) = s**3 - 81*s**2 - 159*s - 584. Give b(83).
-3
Let w(q) = -q**3 - 12*q**2 - 51*q - 310. Give w(-10).
0
Let t(z) = 1436*z + 5790. Calculate t(-4).
46
Let l(y) = 5*y**2 - 322*y - 249. Calculate l(65).
-54
Let p(s) = -s**3 + 3*s**2 - 3*s + 2. Determine p(-5).
217
Let d(i) = -20*i**2 + 192*i + 193. Give d(-1).
-19
Let q(y) = -y**2 + y + 3. Give q(0).
3
Let c(h) = -5*h**3 - 380*h**2 + 3*h + 233. Calculate c(-76).
5
Let n(h) = 22*h**2 + 3*h + 3. What is n(-2)?
85
Let k(n) = -5*n**2 - 9*n + 1. Give k(-1).
5
Let d(j) = j**2 - 117*j - 141. Determine d(118).
-23
Let p(t) = -t**3 - 24*t**2 + 6*t - 660. Give p(-25).
-185
Let s(l) = -l**2 - 17*l - 45. What is s(-4)?
7
Let w(c) = 65*c + 99. Determine w(-5).
-226
Let m(h) = -h**3 + 12*h**2 + 13*h - 29. Calculate m(13).
-29
Let b(m) = -330*m - 673. Determine b(-2).
-13
Let o(u) = -u**2 + 63*u - 257. Give o(66).
-455
Let u(c) = -1155*c - 6938. What is u(-6)?
-8
Let j(t) = -7*t**2 - 154*t - 140. What is j(-21)?
7
Let f(b) = 15*b + 225. Give f(-15).
0
Let c(o) = o**3 + 7*o**2 - 37*o. Give c(-11).
-77
Let j(f) = f**3 + 4*f**2 - 45*f + 28. What is j(-9)?
28
Let g(q) = q**2 - 160*q - 675. Determine g(-4).
-19
Let p(i) = -82*i**3 - i**2 - 18*i - 17. Give p(-1).
82
Let v(o) = -39*o - 493. Give v(-15).
92
Let q(b) = 171*b - 547. Give q(4).
137
Let v(i) = -i**3 + 2*i**2 + 2*i + 1. Calculate v(2).
5
Let p(d) = d**2 + 54*d + 212. Calculate p(-44).
-228
Let m(b) = 44*b - 568. Give m(11).
-84
Let r(s) = s**2 + 47*s + 171. Calculate r(-35).
-249
Let d(z) = -z**2 - 197*z - 4344. What is d(-25)?
-44
Let z(w) = -w**2 + 36*w - 8. Determine z(-5).
-213
Let s(p) = -183*p + 34050. Determine s(186).
12
Let x(g) = -g**2 - 34*g - 249. Give x(-19).
36
Let y(q) = 3*q**3 + 2*q**2 + 13*q + 12. What is y(-2)?
-30
Let q(y) = -y**2 + 313*y + 6871. Calculate q(-21).
-143
Let v(a) = -a**3 - 16*a**2 - 34*a - 41. Calculate v(-5).
-146
Let z(d) = -5*d + 589. What is z(34)?
419
Let f(x) = -7*x**3 - 260*x**2 - 29*x + 292. What is f(-37)?
-4
Let f(g) = -3*g**2 + 91*g + 38. Give f(32).
-122
Let i(o) = -56*o**2 + o. Determine i(2).
-222
Let b(u) = u**3 - 15*u**2 + 13*u - 86. Calculate b(15).
109
Let p(c) = c**3 + 83*c**2 - 259*c - 89. Give p(-86).
-3
Let k(h) = -1756*h + 45667. What is k(26)?
11
Let g(t) = -2*t**2 + 67*t - 832. Calculate g(34).
-866
Let g(m) = -180*m**3 + 5*m**2 + 24*m - 30. What is g(1)?
-181
Let u(q) = -q**2 - 5138*q - 56387. What is u(-11)?
10
Let u(l) = -21*l**3 - 8*l**2 + 18*l - 2. What is u(2)?
-166
Let m(k) = 3135*k - 18829. What is m(6)?
-19
Let d(u) = 2*u**2 + 335*u + 1318. What is d(-4)?
10
Let k(x) = -2*x**3 + 53*x**2 + 102*x - 2016. Calculate k(27).
9
Let y(w) = 10*w**2 - 7*w + 7. Calculate y(5).
222
Let a(o) = 29*o - 2087. Determine a(69).
-86
Let j(l) = -4*l**3 + 7*l**2 + 16*l + 12. Calculate j(-3).
135
Let u(p) = p**3 - 78*p**2 + 223*p - 10. Calculate u(3).
-16
Let q(h) = 2*h**2 + 49*h - 229. What is q(5)?
66
Let x(p) = -34*p + 111. Determine x(8).
-161
Let b(s) = 106*s - 747. Give b(7).
-5
Let q(j) = j**3 + 8*j**2 + 2*j - 29. What is q(-4)?
27
Let z(c) = 580*c - 64374. Calculate z(111).
6
Let c(w) = 4*w + 301. Give c(-80).
-19
Let w(a) = 15*a**2 - 64*a - 141. Calculate w(-4).
355
Let r(q) = q**3 + 14*q**2 - 34*q - 19. Calculate r(-14).
457
Let z(y) = y**3 + 4*y**2 + 184*y + 908. Determine z(-5).
-37
Let p(n) = 3963*n - 67381. Give p(17).
-10
Let s(j) = -51*j + 134. Determine s(3).
-19
Let o(h) = -19*h - 147. Calculate o(-15).
138
Let i(n) = -13*n + 501. What is i(38)?
7
Let r(n) = -2*n**3 + 74*n**2 + 321*n + 237. Give r(41).
-50
Let f(x) = -6*x**2 + 71*x - 68. Calculate f(11).
-13
Let b(w) = w**2 + 20*w + 40. Determine b(-15).
-35
Let u(v) = -70*v - 230. Determine u(-3).
-20
Let l(j) = -j**2 + 15*j - 20. Determine l(12).
16
Let t(h) = -h**3 + 2*h**2 - 2364*h + 7094. Give t(3).
-7
Let r(v) = v**3 + v**2 + 3*v + 51. What is r(-4)?
-9
Let c(i) = i**3 + 91*i**2 + 178*i + 3. Give c(-89).
3
Let k(j) = -3*j**3 - 396*j**2 + 9*j + 1186. What is k(-132)?
-2
Let c(z) = 142*z + 1781. Calculate c(-12).
77
Let w(z) = 30*z - 17. Determine w(-2).
-77
Let k(o) = -29*o + 151. What is k(9)?
-110
Let u(t) = -14*t**3 - 600*t**2 + 87*t + 46. What is u(-43)?
3
Let s(t) = -t**2 - 8*t - 16. What is s(-12)?
-64
Let y(t) = 2510*t -